?
4
What is the units digit of 1048068997?
7
What is the tens digit of 2881350779?
7
What is the hundred millions digit of 392064618?
3
What is the hundred thousands digit of 417406854?
4
What is the units digit of 857924397?
7
What is the units digit of 393243936?
6
What is the tens digit of 1034047170?
7
What is the hundred thousands digit of 1492317924?
3
What is the thousands digit of 43803753?
3
What is the units digit of 157162765?
5
What is the thousands digit of 2240325094?
5
What is the hundred thousands digit of 16093746?
0
What is the ten millions digit of 357606726?
5
What is the hundreds digit of 3034025849?
8
What is the millions digit of 30376509?
0
What is the hundred millions digit of 3441131027?
4
What is the hundreds digit of 167220099?
0
What is the thousands digit of 10711418?
1
What is the units digit of 8429162608?
8
What is the thousands digit of 2309637674?
7
What is the hundreds digit of 155493284?
2
What is the hundreds digit of 948885268?
2
What is the ten millions digit of 884383451?
8
What is the hundred thousands digit of 1701103329?
1
What is the tens digit of 67865449?
4
What is the ten thousands digit of 46632073?
3
What is the hundreds digit of 75936435?
4
What is the tens digit of 5285099838?
3
What is the hundred millions digit of 105802566?
1
What is the ten thousands digit of 914999549?
9
What is the hundreds digit of 19489642?
6
What is the hundreds digit of 868124181?
1
What is the ten millions digit of 719382437?
1
What is the ten thousands digit of 5881003594?
0
What is the billions digit of 2198748922?
2
What is the millions digit of 4561133?
4
What is the tens digit of 217437344?
4
What is the hundred millions digit of 2395170369?
3
What is the hundred thousands digit of 4456860075?
8
What is the ten thousands digit of 21020202?
2
What is the millions digit of 480672393?
0
What is the hundred thousands digit of 2137703750?
7
What is the hundreds digit of 1096341840?
8
What is the tens digit of 581890534?
3
What is the ten thousands digit of 97875428?
7
What is the millions digit of 8260126?
8
What is the millions digit of 967627150?
7
What is the units digit of 47303195?
5
What is the thousands digit of 117279228?
9
What is the ten millions digit of 431852826?
3
What is the thousands digit of 1125781377?
1
What is the hundred thousands digit of 62271153?
2
What is the ten thousands digit of 78377300?
7
What is the hundred millions digit of 169532399?
1
What is the hundreds digit of 63398289?
2
What is the tens digit of 2388595360?
6
What is the ten millions digit of 56078482?
5
What is the ten millions digit of 5935962097?
3
What is the billions digit of 2661656965?
2
What is the units digit of 1808483863?
3
What is the hundreds digit of 128987795?
7
What is the ten millions digit of 146264524?
4
What is the billions digit of 1095634055?
1
What is the ten millions digit of 244735550?
4
What is the units digit of 8809319?
9
What is the thousands digit of 264732516?
2
What is the thousands digit of 158880508?
0
What is the hundred thousands digit of 5237927922?
9
What is the tens digit of 1027803394?
9
What is the tens digit of 837237982?
8
What is the hundred millions digit of 154707650?
1
What is the billions digit of 2893438777?
2
What is the millions digit of 272908165?
2
What is the millions digit of 98886332?
8
What is the ten millions digit of 3542442795?
4
What is the hundreds digit of 39382975?
9
What is the hundred thousands digit of 53446852?
4
What is the millions digit of 138708039?
8
What is the hundreds digit of 33913118?
1
What is the units digit of 457840182?
2
What is the units digit of 308113025?
5
What is the millions digit of 243483984?
3
What is the hundreds digit of 1298598364?
3
What is the millions digit of 46318256?
6
What is the ten thousands digit of 1581869554?
6
What is the hundred millions digit of 3148395673?
1
What is the ten thousands digit of 5992016665?
1
What is the thousands digit of 135189234?
9
What is the ten millions digit of 159247356?
5
What is the hundreds digit of 5235104065?
0
What is the tens digit of 3528245953?
5
What is the billions digit of 1027178363?
1
What is the units digit of 190270947?
7
What is the millions digit of 97601030?
7
What is the thousands digit of 20859525?
9
What is the thousands digit of 1374822914?
2
What is the tens digit of 133792267?
6
What is the millions digit of 790939594?
0
What is the ten millions digit of 29920383?
2
What is the units digit of 12822746?
6
What is the hundreds digit of 2208552864?
8
What is the hundred thousands digit of 23827262?
8
What is the tens digit of 156125835?
3
What is the thousands digit of 2213316657?
6
What is the units digit of 836603691?
1
What is the hundred thousands digit of 1171046029?
0
What is the millions digit of 289191934?
9
What is the millions digit of 117263872?
7
What is the hundreds digit of 313825316?
3
What is the ten thousands digit of 2015939538?
3
What is the thousands digit of 53297432?
7
What is the thousands digit of 27364224?
4
What is the tens digit of 46744756?
5
What is the units digit of 785097400?
0
What is the hundreds digit of 107266265?
2
What is the millions digit of 44250234?
4
What is the units digit of 259908176?
6
What is the ten thousands digit of 1341636508?
3
What is the billions digit of 3346788643?
3
What is the thousands digit of 464138186?
8
What is the hundred millions digit of 873062195?
8
What is the thousands digit of 12852656?
2
What is the tens digit of 26727398?
9
What is the units digit of 1536006953?
3
What is the hundred thousands digit of 425061809?
0
What is the ten thousands digit of 55504581?
0
What is the millions digit of 109227775?
9
What is the ten thousands digit of 897601651?
0
What is the units digit of 2268852721?
1
What is the thousands digit of 712885397?
5
What is the ten thousands digit of 436101517?
0
What is the hundred thousands digit of 1883311061?
3
What is the tens digit of 100800404?
0
What is the thousands digit of 3339887544?
7
What is the ten thousands digit of 390139340?
3
What is the units digit of 34259636?
6
What is the units digit of 1898901175?
5
What is the ten thousands digit of 1142708110?
0
What is the units digit of 1448486515?
5
What is the thousands digit of 724423226?
3
What is the units digit of 37406558?
8
What is the hundred thousands digit of 23767203?
7
What is the billions digit of 4888388904?
4
What is the hundreds digit of 1461990916?
9
What is the thousands digit of 3216713146?
3
What is the ten thousands digit of 8368745250?
4
What is the hundred thousands digit of 152320933?
3
What is the hundred millions digit of 2205357751?
2
What is the hundred thousands digit of 446209755?
2
What is the thousands digit of 15468108?
8
What is the ten thousands digit of 93518029?
1
What is the ten millions digit of 262305865?
6
What is the tens digit of 1369043312?
1
What is the hundred millions digit of 509218101?
5
What is the hundreds digit of 1656963601?
6
What is the hundreds digit of 59457729?
7
What is the tens digit of 5703028610?
1
What is the hundred thousands digit of 353312390?
3
What is the hundreds digit of 570859032?
0
What is the tens digit of 200757078?
7
What is the hundred thousands digit of 44105427?
1
What is the hundred millions digit of 1123212540?
1
What is the hundreds digit of 51244824?
8
What is the millions digit of 1866027138?
6
What is the units digit of 42562154?
4
What is the thousands digit of 7738886770?
6
What is the hundred millions digit of 738428906?
7
What is the thousands digit of 38311935?
1
What is the ten millions digit of 2536975573?
3
What is the ten thousands digit of 328081715?
8
What is the hundreds digit of 99336666?
6
What is the millions digit of 5304831298?
4
What is the hundreds digit of 44340940?
9
What is the millions digit of 5149982608?
9
What is the hundreds digit of 273185092?
0
What is the ten thousands digit of 2119629073?
2
What is the thousands digit of 112679396?
9
What is the thousands digit of 990228322?
8
What is the tens digit of 345828352?
5
What is the ten thousands digit of 29355223?
5
What is the ten millions digit of 589372885?
8
What is the ten millions digit of 2865497720?
6
What is the thousands digit of 236318149?
8
What i